{"id":1658,"date":"2024-03-19T15:49:36","date_gmt":"2024-03-19T15:49:36","guid":{"rendered":"https:\/\/messenger.ee\/?page_id=1658"},"modified":"2024-12-10T11:51:42","modified_gmt":"2024-12-10T11:51:42","slug":"andmekaitsetingimused","status":"publish","type":"page","link":"https:\/\/messenger.ee\/?page_id=1658&lang=et","title":{"rendered":"Andmekaitsetingimused"},"content":{"rendered":"\t\t<div data-elementor-type=\"wp-page\" data-elementor-id=\"1658\" class=\"elementor elementor-1658 elementor-3\" data-elementor-post-type=\"page\">\n\t\t\t\t<div class=\"elementor-element elementor-element-6f1ea28 e-flex e-con-boxed e-con e-parent\" data-id=\"6f1ea28\" data-element_type=\"container\" data-core-v316-plus=\"true\">\n\t\t\t\t\t<div class=\"e-con-inner\">\n\t\t\t\t<div class=\"elementor-element elementor-element-51350e1c elementor-widget elementor-widget-text-editor\" data-id=\"51350e1c\" data-element_type=\"widget\" data-widget_type=\"text-editor.default\">\n\t\t\t\t<div class=\"elementor-widget-container\">\n\t\t\t<style>\/*! elementor - v3.20.0 - 20-03-2024 *\/\n.elementor-widget-text-editor.elementor-drop-cap-view-stacked .elementor-drop-cap{background-color:#69727d;color:#fff}.elementor-widget-text-editor.elementor-drop-cap-view-framed .elementor-drop-cap{color:#69727d;border:3px solid;background-color:transparent}.elementor-widget-text-editor:not(.elementor-drop-cap-view-default) .elementor-drop-cap{margin-top:8px}.elementor-widget-text-editor:not(.elementor-drop-cap-view-default) .elementor-drop-cap-letter{width:1em;height:1em}.elementor-widget-text-editor .elementor-drop-cap{float:left;text-align:center;line-height:1;font-size:50px}.elementor-widget-text-editor .elementor-drop-cap-letter{display:inline-block}<\/style>\t\t\t\t<h2>Andmekaitsetingimused<\/h2>\r\nDirect Messenger O\u00dc austab eraelu puutumatust ja on t\u00e4ielikult p\u00fchendunud isikuandmete kaitsmisele ja nende kasutamisele vastavalt seadusest tulenevatele n\u00f5uetele. J\u00e4rgnevad andmekaitsetingimused kirjeldavad seda, kuidas meie isikuandmeid t\u00f6\u00f6tleme ja millised \u00f5igused on seoses sellega meie Klientidel ja Andmesubjektidel. Direct Messenger t\u00f6\u00f6tleb isikuandmeid ainult k\u00e4esolevates andmekaitsetingimustes kirjeldatud eesm\u00e4rkidel.\r\n\r\nMeie Teenuste kasutamise v\u00f5i SMS platvormile sisenemise ja kasutamisega kinnitate oma n\u00f5usolekut k\u00f5igi tingimustega, mis on toodud k\u00e4esolevates andmekaitsetingimustes, kasutus\u00adtingimustes ja muudes meie platvormile postitatud eeskirjades. Klient ja Direct Messenger j\u00e4rgivad k\u00f5iki kohaldatavaid seadusi, mis puudutavad isikuandmete t\u00f6\u00f6tlemist ja kaitset.\r\n<h3>Andmete t\u00f6\u00f6tlemine<\/h3>\r\nTeenuste osutamise k\u00e4igus t\u00f6\u00f6tleme andmeid, et tuvastada teie isikut, v\u00f5tta teiega \u00fchendust ja saata teile arveid, kogume selliseid andmeid nagu nimi, perekonnanimi, ettev\u00f5tte nimi, e-posti aadress ja telefoninumber, makseandmed ja muu teave, mille te meile edastate.\r\n\r\nSelleks, et meie Teenuste puhul tugiteenuseid osutada, teid paremini teenindada ning oma Teenuseid t\u00e4iustada ja rakendada, t\u00f6\u00f6tleme teie kontoga seotud andmeid. N\u00e4iteks telefoninumbrid, s\u00f5numi sisu ja muud sellega seotud teavet, mida teie Kliendina olete otsustanud kasutada seoses teile osutatud Teenustega, mis on \u00fcksikasjalikumalt toodud v\u00e4lja teie vastaval kontol.\r\n\r\nIsikuandmete t\u00f6\u00f6tlemisel \u00fchenduses meie Teenustega (nt edastades s\u00f5numeid ettev\u00f5tte v\u00f5i teise isiku nimel), kinnitate, et olete omandanud k\u00f5ik vajalikud n\u00f5usolekud v\u00f5i on teil olemas muu \u00f5iguslik alus isikuandmete t\u00f6\u00f6tlemiseks kaasa arvatud, kuid mitte ainult, Direct Messengeri ja kolmandate isikute andmed, keda Direct Messenger kasutab Teenuste osutamiseks.\r\n\r\nTeie e-posti aadressi v\u00f5i telefoninumbrit t\u00f6\u00f6deldakse selleks, et saata teile teateid, mis on h\u00e4davajalikud meie Teenuste osutamiseks.\r\n\r\nSujuva kliendisuhte tagamiseks t\u00f6\u00f6tleme me teavet, mida te esitate meie platvormil, e\u2011mailides v\u00f5i muude sidevahendite kaudu. Me kasutame seda teavet oma Teenuste osutamiseks ja t\u00e4iustamiseks ning vastame teie k\u00fcsimustele seoses pakutavate Teenustega.\r\n<h3>Andmete turvalisus<\/h3>\r\nKoosk\u00f5las kohalduvate seadusega kasutame m\u00f5istlikke ja asjakohaseid korralduslikke, tehnilisi ja administratiivseid meetmeid, et kaitsta isikuandmete konfidentsiaalsust, terviklikkust ja k\u00e4ttesaadavust.\r\n\r\nAndmebaase hoitakse serverites, mis on kaitstud tulem\u00fc\u00fcride, salas\u00f5nade ja muude vajalike tehniliste meetmetega, et kaitsta meie servereid volituseta s\u00fcsteemi p\u00e4\u00e4semise eest, lubades ainult usaldusv\u00e4\u00e4rsetel t\u00f6\u00f6tajatel meie s\u00fcsteeme hallata. N\u00f5utav on vajalike turva\u00admeetmete kasutamine andmete juurdep\u00e4\u00e4su ja nende k\u00e4sitlemise tarvis. Andmebaaside turvakoopiaid hoitakse lukustatud kohtades, millele p\u00e4\u00e4sevad ligi ainult volitatud isikud.\r\n\r\nDirect Messenger kasutab HTTPS-\u00fchendust, mis t\u00e4hendab, et arvuti\u00fchendus meie s\u00fcsteemiga on kr\u00fcpteeritud. Internetilehitseja v\u00e4li koos tabaluku m\u00e4rgiga viitab turvalisele \u00fchendusele. Sertifikaadi autentsuse kontrollimiseks vajutage tabaluku m\u00e4rgil.\r\n\r\nKahjuks ei saa \u00fchegi andmeedastus- ega hoius\u00fcsteemi turvalisust tagada 100%, mist\u00f5ttu ei saa me garanteerida teabe absoluutset turvalisust. Soovitame teil hoolitseda veebis teie valduses olevate isikuandmete eest ja looma oma SMS-kontole tugevad salas\u00f5nad, piirama ligip\u00e4\u00e4su oma arvutile ja veebilehitsejale, logides v\u00e4lja p\u00e4rast oma sessiooni l\u00f5petamist ning v\u00e4ltima meile tundliku teabe edastamist, mille avaldamine v\u00f5ib teie arvates tekitada teile olulist kahju.\r\n\r\nK\u00f5ik meie volitatud t\u00f6\u00f6tajad, kes on seotud teie poolt meile antud teie ja kolmandate isikute isikuandmete t\u00f6\u00f6tlemisega, on sidunud end konfidentsiaalsuskohustusega ning nad ei t\u00f6\u00f6tle muul moel teie isikuandmeid ilma teie volituseta, kui see ei toimu teile meie teenuste osutamise eesm\u00e4rgil.\r\n\r\nIsikuandmete edastamine kolmandatesse riikidesse (st riikidesse, mis ei ole Euroopa Liidu liikmesriigid ega ole \u00fchinenud Euroopa Majanduspiirkonna kokkuleppega) on lubatud ainult Kliendi n\u00f5usolekul, v\u00e4lja arvatud juhul, kui seadus s\u00e4testab teisiti.\r\n<h3>Andmesubjekti \u00f5igused<\/h3>\r\nTeil on \u00f5igus n\u00f5uda ligip\u00e4\u00e4su oma isikuandmetele ning n\u00f5uda oma isikuandmete korrigeerimist, t\u00e4ien\u00addamist, kustutamist, \u00fclekandmist v\u00f5i kasutamise piiramist, p\u00f6\u00f6rdudes meie poole kasutades allpool toodud kontaktandmeid. Juhul, kui tei on alust arvata, et me oleme seadusevastaselt t\u00f6\u00f6delnud teie isikuandmeid, on teil \u00f5igus esitada kaebus kasutades alltoodud kontaktandmeid v\u00f5i p\u00f6\u00f6rduda andmekaitseinspektsiooni poole.\r\n\r\nSelleks, et andmesubjekti \u00f5igusi kasutada, tuleb saata digiallkirjaga taotlus aadressile\u00a0<a href=\"mailto:dpo@messenger.ee\">dpo(at)messenger.ee<\/a>\r\n<h3>Kolmandad isikud<\/h3>\r\nTeenuste osutamise huvides teeme koost\u00f6\u00f6d kolmandate isikutega, kellega me v\u00f5ime jagada isikuandmeid Teenuste toetamiseks. Isikuandmeid v\u00f5idakse jagada kolmandate isikutega, et tagada SMS s\u00f5numite k\u00e4ttetoimetamine, veebimajutus ja serveriteenused, kommunikatsioon ja sisuedastamise v\u00f5rgustikud (CDN), andme- ja k\u00fcberturbeteenused, arveldamine ja maksete t\u00f6\u00f6tlemise teenused, pettuste avastamise ja v\u00e4ltimise teenused, veebianal\u00fc\u00fctika, e-posti k\u00e4ttetoimetamise ja seireteenused, sessiooni registreerimise- ja turundusteenused. Kolmandatest isikutest teenuseosutajad v\u00f5ivad saada vaid minimaalse hulga isikuandmeid, mis on vajalikud s\u00f5ltuvalt nende konkreetsetest \u00fclesannetest meie teenuste ja \u00e4ritegevuse v\u00f5imaldamisel ja toetamisel ning nad v\u00f5ivad neid kasutada ainult vastavatel eesm\u00e4rkidel. Me v\u00f5ime jagada isikuandmeid kolman\u00addatest isikutest teenuseosutajatega, kellega meil on lepingulised suhted ja kes on kohustunud j\u00e4rgima andmekaitseseaduses s\u00e4testatud kohustusi.\r\n\r\nMeie Teenuste kasutamisega ettev\u00f5tte v\u00f5i muu juriidilise isiku heaks ja\/v\u00f5i kui Teenuseid kasutatakse kolmandate isikute isikuandmete t\u00f6\u00f6tlemiseks, annate te meile tagasiv\u00f5tmatu n\u00f5usoleku kasutada Teenuste osutamise eesm\u00e4rkidel Kolmandast isikust teenuseosutajat meie oma \u00e4ra\u00adn\u00e4gemisel.\r\n\r\nDirect Messenger on vastutav isikuandmete t\u00f6\u00f6tlemise eest, mida teevad Kolmandatest isikutest teenuseosutajad, kelle Direct Messenger on palganud vastava andmet\u00f6\u00f6tluse jaoks koosk\u00f5las kohaldatavate seadustega. Teatud asjaoludel v\u00f5idakse meilt n\u00f5uda ka teabe jagamist kolmandate isikutega, et t\u00e4ita \u00f5igusn\u00f5udeid v\u00f5i vastata ametiv\u00f5imude seaduslikele n\u00f5udmistele, aga ka meie v\u00f5i kolmandate isikute seadusj\u00e4rgsete huvide kaitsmiseks.\r\n<h3>S\u00e4ilitamist\u00e4htajad<\/h3>\r\nMe v\u00f5ime s\u00e4ilitada teie ja kolmandate isikute isikuandmeid, mis te olete meile edastanud, kuni teie suhe meiega on aktiivne, omades kontot v\u00f5i nagu on muul moel vajalik teile meie Teenuste osutamiseks.\r\n\r\nP\u00e4rast kliendisuhte l\u00f5ppemist, vastavalt Kliendi valikule, me kas kustutame k\u00f5ik isikuandmed v\u00f5i tagastame need Kliendile p\u00e4rast t\u00f6\u00f6tlemist h\u00f5lmavate teenuste osutamise l\u00f5ppemist ning kustutame olemasolevad koopiad, v\u00e4lja arvatud juhul, kui kohaldatav seadus n\u00f5uab isikuandmete s\u00e4ilitamist. N\u00e4iteks v\u00f5ime me j\u00e4tkata teie ja kolmandate isikute isikuandmete, mille te meile olete andnud, koopiate hoiustamist, nagu on p\u00f5hjendatult vajalik meie seadusj\u00e4rgsete kohustuste t\u00e4itmiseks, teie ja meie vahel vaidluste lahenda\u00admiseks, pettuse ja kuritarvitamise v\u00e4ltimiseks, meie lepingute j\u00f5ustamiseks ja\/v\u00f5i meie v\u00f5i kolmandate isikute \u00f5igustatud huvide kaitsmiseks.\r\n\r\nK\u00f5iki isikuandmeid, mis on seotud konto \u00fcksikasjadega, n\u00e4iteks, kuid mitte ainult: maksete andmed ja ajalugu, teave kasutajakonto kohta ja kontole \u00fcleslaaditud teave (telefoninumbrid), s\u00e4ilitatakse konto aktiivse kasutamise jooksul v\u00f5i seni, kuni andmesubjektid n\u00f5uavad andmete kustutamist, v\u00e4lja arvatud siis, kui seadus s\u00e4testab teisiti.\r\n\r\nK\u00f5iki kasutaja tegevuste logisid hoitakse kolm (3) kalendriaastat + jooksev aasta, et tagada teenuse aruanded ja teenuse kasutamise ajalugu v\u00f5i kuni andmesubjektide vastava n\u00f5udeni andmete kustutamise kohta (v.a juhul, kui seadus s\u00e4testab teisiti).\r\n<h3>Muudatused<\/h3>\r\nMe v\u00f5ime aeg-ajalt k\u00e4esolevaid andmekaitsetingimusi muuta juhtudel, kui me viime sisse uusi teenuseid v\u00f5i funktsioone. K\u00e4esolevate andmekaitsetingimuste muudatused j\u00f5ustuvad ja neid kohaldatakse hetkest, mil need on \u00fcles laetud\u00a0<a href=\"https:\/\/messenger.ee\/?page_id=1658&#038;lang=et\">veebilehele<\/a>\r\n\r\nSeet\u00f5ttu soovitame teil aeg-ajalt seda lehte vaadata. Meie teenuste kasutamise j\u00e4tkamisega v\u00f5i muul moel meile isikuandmete andmisega p\u00e4rast seda, kui selle eeskirja parandused on rakendatud, n\u00f5ustute te andmekaitsetingimuste uuendatud versiooniga.\r\n<h3>Kontaktandmed<\/h3>\r\nTeie k\u00fcsimused isikuandmete t\u00f6\u00f6tlemise v\u00f5i k\u00e4esolevate andmekaitsetingimuste kohta on teretulnud. Palun v\u00f5tke meiega \u00fchendust allolevatel kontaktidel:\r\n<a class=\"is-block\" href=\"mailto:support@messenger.ee\">support(at)messenger.ee<\/a>\r\n<a class=\"is-block\" href=\"tel:+37255562773\">tel +372 5556 2773<\/a>\t\t\t\t\t\t<\/div>\n\t\t\t\t<\/div>\n\t\t\t\t\t<\/div>\n\t\t\t\t<\/div>\n\t\t\t\t<\/div>\n\t\t","protected":false},"excerpt":{"rendered":"<p>Andmekaitsetingimused Direct Messenger O\u00dc austab eraelu puutumatust ja on t\u00e4ielikult p\u00fchendunud isikuandmete kaitsmisele ja nende kasutamisele vastavalt seadusest tulenevatele n\u00f5uetele. J\u00e4rgnevad andmekaitsetingimused kirjeldavad seda, kuidas meie isikuandmeid t\u00f6\u00f6tleme ja millised \u00f5igused on seoses sellega meie Klientidel ja Andmesubjektidel. Direct Messenger t\u00f6\u00f6tleb isikuandmeid ainult k\u00e4esolevates andmekaitsetingimustes kirjeldatud eesm\u00e4rkidel. Meie Teenuste kasutamise v\u00f5i SMS platvormile sisenemise ja [&hellip;]<\/p>\n","protected":false},"author":1,"featured_media":0,"parent":0,"menu_order":0,"comment_status":"closed","ping_status":"open","template":"","meta":{"footnotes":""},"class_list":["post-1658","page","type-page","status-publish","hentry"],"yoast_head":"<!-- This site is optimized with the Yoast SEO plugin v27.0 - https:\/\/yoast.com\/product\/yoast-seo-wordpress\/ -->\n<title>Andmekaitsetingimused - Direct Messenger<\/title>\n<meta name=\"robots\" content=\"index, follow, max-snippet:-1, max-image-preview:large, max-video-preview:-1\" \/>\n<link rel=\"canonical\" href=\"https:\/\/messenger.ee\/?page_id=1658\" \/>\n<meta property=\"og:locale\" content=\"en_US\" \/>\n<meta property=\"og:type\" content=\"article\" \/>\n<meta property=\"og:title\" content=\"Andmekaitsetingimused - Direct Messenger\" \/>\n<meta property=\"og:description\" content=\"Andmekaitsetingimused Direct Messenger O\u00dc austab eraelu puutumatust ja on t\u00e4ielikult p\u00fchendunud isikuandmete kaitsmisele ja nende kasutamisele vastavalt seadusest tulenevatele n\u00f5uetele. J\u00e4rgnevad andmekaitsetingimused kirjeldavad seda, kuidas meie isikuandmeid t\u00f6\u00f6tleme ja millised \u00f5igused on seoses sellega meie Klientidel ja Andmesubjektidel. Direct Messenger t\u00f6\u00f6tleb isikuandmeid ainult k\u00e4esolevates andmekaitsetingimustes kirjeldatud eesm\u00e4rkidel. Meie Teenuste kasutamise v\u00f5i SMS platvormile sisenemise ja [&hellip;]\" \/>\n<meta property=\"og:url\" content=\"https:\/\/messenger.ee\/?page_id=1658&amp;lang=et\" \/>\n<meta property=\"og:site_name\" content=\"Direct Messenger\" \/>\n<meta property=\"article:publisher\" content=\"https:\/\/www.facebook.com\/DM.messenger.ee\/\" \/>\n<meta property=\"article:modified_time\" content=\"2024-12-10T11:51:42+00:00\" \/>\n<meta name=\"twitter:card\" content=\"summary_large_image\" \/>\n<meta name=\"twitter:label1\" content=\"Est. reading time\" \/>\n\t<meta name=\"twitter:data1\" content=\"6 minutes\" \/>\n<script type=\"application\/ld+json\" class=\"yoast-schema-graph\">{\"@context\":\"https:\/\/schema.org\",\"@graph\":[{\"@type\":\"WebPage\",\"@id\":\"https:\/\/messenger.ee\/?page_id=1658&lang=et\",\"url\":\"https:\/\/messenger.ee\/?page_id=1658&lang=et\",\"name\":\"Andmekaitsetingimused - Direct Messenger\",\"isPartOf\":{\"@id\":\"https:\/\/messenger.ee\/#website\"},\"datePublished\":\"2024-03-19T15:49:36+00:00\",\"dateModified\":\"2024-12-10T11:51:42+00:00\",\"breadcrumb\":{\"@id\":\"https:\/\/messenger.ee\/?page_id=1658&lang=et#breadcrumb\"},\"inLanguage\":\"en-US\",\"potentialAction\":[{\"@type\":\"ReadAction\",\"target\":[\"https:\/\/messenger.ee\/?page_id=1658&lang=et\"]}]},{\"@type\":\"BreadcrumbList\",\"@id\":\"https:\/\/messenger.ee\/?page_id=1658&lang=et#breadcrumb\",\"itemListElement\":[{\"@type\":\"ListItem\",\"position\":1,\"name\":\"Home\",\"item\":\"https:\/\/messenger.ee\/\"},{\"@type\":\"ListItem\",\"position\":2,\"name\":\"Andmekaitsetingimused\"}]},{\"@type\":\"WebSite\",\"@id\":\"https:\/\/messenger.ee\/#website\",\"url\":\"https:\/\/messenger.ee\/\",\"name\":\"Direct Messenger\",\"description\":\"Optimize, automate, personalize business processes with our messaging solutions.\",\"publisher\":{\"@id\":\"https:\/\/messenger.ee\/#organization\"},\"potentialAction\":[{\"@type\":\"SearchAction\",\"target\":{\"@type\":\"EntryPoint\",\"urlTemplate\":\"https:\/\/messenger.ee\/?s={search_term_string}\"},\"query-input\":{\"@type\":\"PropertyValueSpecification\",\"valueRequired\":true,\"valueName\":\"search_term_string\"}}],\"inLanguage\":\"en-US\"},{\"@type\":\"Organization\",\"@id\":\"https:\/\/messenger.ee\/#organization\",\"name\":\"Direct Messenger\",\"url\":\"https:\/\/messenger.ee\/\",\"logo\":{\"@type\":\"ImageObject\",\"inLanguage\":\"en-US\",\"@id\":\"https:\/\/messenger.ee\/#\/schema\/logo\/image\/\",\"url\":\"https:\/\/messenger.ee\/wp-content\/uploads\/2024\/05\/logo_no_bg.png\",\"contentUrl\":\"https:\/\/messenger.ee\/wp-content\/uploads\/2024\/05\/logo_no_bg.png\",\"width\":1500,\"height\":1306,\"caption\":\"Direct Messenger\"},\"image\":{\"@id\":\"https:\/\/messenger.ee\/#\/schema\/logo\/image\/\"},\"sameAs\":[\"https:\/\/www.facebook.com\/DM.messenger.ee\/\",\"https:\/\/ee.linkedin.com\/company\/direct-messenger-o-\"]}]}<\/script>\n<!-- \/ Yoast SEO plugin. -->","yoast_head_json":{"title":"Andmekaitsetingimused - Direct Messenger","robots":{"index":"index","follow":"follow","max-snippet":"max-snippet:-1","max-image-preview":"max-image-preview:large","max-video-preview":"max-video-preview:-1"},"canonical":"https:\/\/messenger.ee\/?page_id=1658","og_locale":"en_US","og_type":"article","og_title":"Andmekaitsetingimused - Direct Messenger","og_description":"Andmekaitsetingimused Direct Messenger O\u00dc austab eraelu puutumatust ja on t\u00e4ielikult p\u00fchendunud isikuandmete kaitsmisele ja nende kasutamisele vastavalt seadusest tulenevatele n\u00f5uetele. J\u00e4rgnevad andmekaitsetingimused kirjeldavad seda, kuidas meie isikuandmeid t\u00f6\u00f6tleme ja millised \u00f5igused on seoses sellega meie Klientidel ja Andmesubjektidel. Direct Messenger t\u00f6\u00f6tleb isikuandmeid ainult k\u00e4esolevates andmekaitsetingimustes kirjeldatud eesm\u00e4rkidel. Meie Teenuste kasutamise v\u00f5i SMS platvormile sisenemise ja [&hellip;]","og_url":"https:\/\/messenger.ee\/?page_id=1658&lang=et","og_site_name":"Direct Messenger","article_publisher":"https:\/\/www.facebook.com\/DM.messenger.ee\/","article_modified_time":"2024-12-10T11:51:42+00:00","twitter_card":"summary_large_image","twitter_misc":{"Est. reading time":"6 minutes"},"schema":{"@context":"https:\/\/schema.org","@graph":[{"@type":"WebPage","@id":"https:\/\/messenger.ee\/?page_id=1658&lang=et","url":"https:\/\/messenger.ee\/?page_id=1658&lang=et","name":"Andmekaitsetingimused - Direct Messenger","isPartOf":{"@id":"https:\/\/messenger.ee\/#website"},"datePublished":"2024-03-19T15:49:36+00:00","dateModified":"2024-12-10T11:51:42+00:00","breadcrumb":{"@id":"https:\/\/messenger.ee\/?page_id=1658&lang=et#breadcrumb"},"inLanguage":"en-US","potentialAction":[{"@type":"ReadAction","target":["https:\/\/messenger.ee\/?page_id=1658&lang=et"]}]},{"@type":"BreadcrumbList","@id":"https:\/\/messenger.ee\/?page_id=1658&lang=et#breadcrumb","itemListElement":[{"@type":"ListItem","position":1,"name":"Home","item":"https:\/\/messenger.ee\/"},{"@type":"ListItem","position":2,"name":"Andmekaitsetingimused"}]},{"@type":"WebSite","@id":"https:\/\/messenger.ee\/#website","url":"https:\/\/messenger.ee\/","name":"Direct Messenger","description":"Optimize, automate, personalize business processes with our messaging solutions.","publisher":{"@id":"https:\/\/messenger.ee\/#organization"},"potentialAction":[{"@type":"SearchAction","target":{"@type":"EntryPoint","urlTemplate":"https:\/\/messenger.ee\/?s={search_term_string}"},"query-input":{"@type":"PropertyValueSpecification","valueRequired":true,"valueName":"search_term_string"}}],"inLanguage":"en-US"},{"@type":"Organization","@id":"https:\/\/messenger.ee\/#organization","name":"Direct Messenger","url":"https:\/\/messenger.ee\/","logo":{"@type":"ImageObject","inLanguage":"en-US","@id":"https:\/\/messenger.ee\/#\/schema\/logo\/image\/","url":"https:\/\/messenger.ee\/wp-content\/uploads\/2024\/05\/logo_no_bg.png","contentUrl":"https:\/\/messenger.ee\/wp-content\/uploads\/2024\/05\/logo_no_bg.png","width":1500,"height":1306,"caption":"Direct Messenger"},"image":{"@id":"https:\/\/messenger.ee\/#\/schema\/logo\/image\/"},"sameAs":["https:\/\/www.facebook.com\/DM.messenger.ee\/","https:\/\/ee.linkedin.com\/company\/direct-messenger-o-"]}]}},"_links":{"self":[{"href":"https:\/\/messenger.ee\/index.php?rest_route=\/wp\/v2\/pages\/1658","targetHints":{"allow":["GET"]}}],"collection":[{"href":"https:\/\/messenger.ee\/index.php?rest_route=\/wp\/v2\/pages"}],"about":[{"href":"https:\/\/messenger.ee\/index.php?rest_route=\/wp\/v2\/types\/page"}],"author":[{"embeddable":true,"href":"https:\/\/messenger.ee\/index.php?rest_route=\/wp\/v2\/users\/1"}],"replies":[{"embeddable":true,"href":"https:\/\/messenger.ee\/index.php?rest_route=%2Fwp%2Fv2%2Fcomments&post=1658"}],"version-history":[{"count":4,"href":"https:\/\/messenger.ee\/index.php?rest_route=\/wp\/v2\/pages\/1658\/revisions"}],"predecessor-version":[{"id":1677,"href":"https:\/\/messenger.ee\/index.php?rest_route=\/wp\/v2\/pages\/1658\/revisions\/1677"}],"wp:attachment":[{"href":"https:\/\/messenger.ee\/index.php?rest_route=%2Fwp%2Fv2%2Fmedia&parent=1658"}],"curies":[{"name":"wp","href":"https:\/\/api.w.org\/{rel}","templated":true}]}}